ed by 490.
30
Calculate the remainder when 48 is divided by 27.
21
What is the remainder when 4672 is divided by 11?
8
Calculate the remainder when 965 is divided by 69.
68
What is the remainder when 117 is divided by 61?
56
What is the remainder when 2497 is divided by 119?
117
Calculate the remainder when 138 is divided by 20.
18
Calculate the remainder when 922 is divided by 267.
121
Calculate the remainder when 2638 is divided by 15.
13
What is the remainder when 358 is divided by 62?
48
What is the remainder when 27 is divided by 19?
8
Calculate the remainder when 298 is divided by 285.
13
Calculate the remainder when 185 is divided by 47.
44
What is the remainder when 2107 is divided by 414?
37
Calculate the remainder when 29 is divided by 5.
4
What is the remainder when 712 is divided by 252?
208
Calculate the remainder when 862 is divided by 107.
6
Calculate the remainder when 136 is divided by 6.
4
What is the remainder when 11 is divided by 10?
1
Calculate the remainder when 1864 is divided by 144.
136
Calculate the remainder when 97 is divided by 34.
29
What is the remainder when 126 is divided by 33?
27
What is the remainder when 4469 is divided by 38?
23
What is the remainder when 452 is divided by 57?
53
Calculate the remainder when 231 is divided by 7.
0
Calculate the remainder when 8468 is divided by 14.
12
What is the remainder when 278 is divided by 40?
38
Calculate the remainder when 195 is divided by 11.
8
Calculate the remainder when 197 is divided by 110.
87
Calculate the remainder when 38 is divided by 12.
2
Calculate the remainder when 1440 is divided by 474.
18
What is the remainder when 10277 is divided by 16?
5
Calculate the remainder when 815 is divided by 327.
161
What is the remainder when 377 is divided by 12?
5
What is the remainder when 614 is divided by 7?
5
Calculate the remainder when 80 is divided by 9.
8
Calculate the remainder when 209 is divided by 67.
8
Calculate the remainder when 82 is divided by 31.
20
What is the remainder when 963 is divided by 57?
51
Calculate the remainder when 6287 is divided by 131.
130
What is the remainder when 71 is divided by 9?
8
What is the remainder when 469 is divided by 59?
56
Calculate the remainder when 1897 is divided by 73.
72
Calculate the remainder when 134 is divided by 27.
26
Calculate the remainder when 71 is divided by 18.
17
What is the remainder when 53 is divided by 17?
2
Calculate the remainder when 6343 is divided by 303.
283
What is the remainder when 271 is divided by 43?
13
Calculate the remainder when 616 is divided by 61.
6
Calculate the remainder when 7228 is divided by 44.
12
What is the remainder when 53 is divided by 11?
9
Calculate the remainder when 451 is divided by 52.
35
Calculate the remainder when 1355 is divided by 151.
147
Calculate the remainder when 104 is divided by 9.
5
What is the remainder when 170 is divided by 54?
8
Calculate the remainder when 486 is divided by 477.
9
What is the remainder when 115 is divided by 71?
44
What is the remainder when 55389 is divided by 290?
289
What is the remainder when 152 is divided by 26?
22
Calculate the remainder when 359 is divided by 40.
39
What is the remainder when 206 is divided by 21?
17
Calculate the remainder when 1979 is divided by 36.
35
What is the remainder when 86 is divided by 34?
18
What is the remainder when 638 is divided by 158?
6
What is the remainder when 538 is divided by 133?
6
Calculate the remainder when 155 is divided by 33.
23
What is the remainder when 2166 is divided by 216?
6
Calculate the remainder when 678 is divided by 40.
38
What is the remainder when 684 is divided by 86?
82
Calculate the remainder when 61 is divided by 7.
5
Calculate the remainder when 998 is divided by 10.
8
What is the remainder when 407 is divided by 18?
11
Calculate the remainder when 52 is divided by 36.
16
Calculate the remainder when 257 is divided by 62.
9
Calculate the remainder when 641 is divided by 24.
17
Calculate the remainder when 105 is divided by 19.
10
What is the remainder when 322 is divided by 246?
76
What is the remainder when 881 is divided by 26?
23
What is the remainder when 486 is divided by 126?
108
What is the remainder when 4756 is divided by 528?
4
Calculate the remainder when 86 is divided by 18.
14
Calculate the remainder when 24 is divided by 13.
11
Calculate the remainder when 737 is divided by 24.
17
What is the remainder when 10608 is divided by 379?
375
What is the remainder when 90 is divided by 77?
13
What is the remainder when 21809 is divided by 28?
25
Calculate the remainder when 300 is divided by 90.
30
What is the remainder when 246 is divided by 51?
42
What is the remainder when 17 is divided by 5?
2
What is the remainder when 1573 is divided by 9?
7
What is the remainder when 106 is divided by 25?
6
What is the remainder when 1426 is divided by 12?
10
What is the remainder when 595 is divided by 148?
3
What is the remainder when 123 is divided by 72?
51
Calculate the remainder when 43 is divided by 23.
20
What is the remainder when 32 is divided by 16?
0
What is the remainder when 237 is divided by 48?
45
What is the remainder when 153 is divided by 40?
33
What is the remainder when 887 is divided by 111?
110
Calculate the remainder when 12129 is divided by 36.
33
Calculate the remainder when 1102 is divided by 139.
129
Calculate the remainder when 111 is divided by 29.
24
What is the remainder when 2152 is divided by 22?
18
What is the remainder when 36 is divided by 8?
4
Calculate the remainder when 252 is divided by 63.
0
Calculate the remainder when 7259 is divided by 1811.
15
What is the remainder when 1083 is divided by 155?
153
Calculate the remainder when 597 is divided by 20.
17
What is the remainder when 323 is divided by 151?
21
What is the remainder when 498 is divided by 25?
23
What is the remainder when 4560 is divided by 13?
10
What is the remainder when 800 is divided by 67?
63
Calculate the remainder when 9691 is divided by 37.
34
Calculate the remainder when 541 is divided by 234.
73
What is the remainder when 809 is divided by 54?
53
Calculate the remainder when 41 is divided by 22.
19
What is the remainder when 390 is divided by 56?
54
Calculate the remainder when 3294 is divided by 67.
11
Calculate the remainder when 58 is divided by 47.
11
Calculate the remainder when 796 is divided by 25.
21
Calculate the remainder when 208 is divided by 12.
4
Calculate the remainder when 89 is divided by 6.
5
What is the remainder when 36 is divided by 22?
14
Calculate the remainder when 369 is divided by 193.
176
What is the remainder when 19267 is divided by 5?
2
What is the remainder when 5215 is divided by 93?
7
Calculate the remainder when 26 is divided by 20.
6
Calculate the remainder when 867 is divided by 15.
12
Calculate the remainder when 216 is divided by 94.
28
Calculate the remainder when 693 is divided by 58.
55
What is the remainder when 2957 is divided by 33?
20
What is the remainder when 622 is divided by 78?
76
Calculate the remainder when 186 is divided by 56.
18
Calculate the remainder when 38 is divided by 22.
16
Calculate the remainder when 286 is divided by 50.
36
What is the remainder when 10189 is divided by 52?
49
What is the remainder when 28182 is divided by 104?
102
Calculate the remainder when 1053 is divided by 513.
27
What is the remainder when 89 is divided by 15?
14
Calculate the remainder when 20757 is divided by 107.
106
What is the remainder when 54 is divided by 3?
0
What is the remainder when 406 is divided by 104?
94
What is the remainder when 382 is divided by 55?
52
Calculate the remainder when 2696 is divided by 19.
17
What is the remainder when 11875 is divided by 27?
22
Calculate the remainder when 45 is divided by 10.
5
Calculate the remainder when 5085 is divided by 48.
45
What is the remainder when 471 is divided by 153?
12
Calculate the remainder when 2156 is divided by 1069.
18
What is the remainder when 57 is divided by 16?
9
Calculate the remainder when 111 is divided by 68.
43
What is the remainder when 604 is divided by 68?
60
What is the remainder when 458 is divided by 179?
100
What is the remainder when 161 is divided by 34?
25
Calculate the remainder when 1082 is divided by 149